 -2 - (2 - 5 - 0).
4
What is -4 - ((-7 + 3 - 4) + 11)?
-7
4 - (0 + 1 + -1 + 4)
0
What is (-120 - -126) + (0 + 1 - 15)?
-8
Calculate 5 + -1 + (2 - (8 - 4)).
2
-12 - -6 - (-3 + 1) - 1
-5
Calculate -4 + 13 + (0 - 4).
5
What is the value of -5 - -7 - (1 + -1)?
2
5 + 4 + -5 - -1
5
What is the value of 0 - -4 - 2 - 2?
0
4 - (-3 + 2 + -5 + 6)
4
Calculate (7 - (0 - -5)) + -2.
0
What is the value of 1 + -2 + (3 - 1)?
1
Evaluate -1 + (6 - 11) + 4.
-2
Evaluate -4 + 10 - (5 - 3).
4
What is (4 - 1 - 0) + -2 + -3?
-2
What is (-3 - (-3 + 0)) + 4?
4
What is 6 + (0 - 1) + (16 - 18)?
3
What is 1 - -4 - 0 - 3?
2
Evaluate 0 + 8 - (-27 + 37).
-2
Evaluate 4 + -13 - (-3 + 1).
-7
Evaluate -10 - (-1 + (-6 - 2)).
-1
2 - 16 - (-22 - (-15 + 0))
-7
What is the value of 3 + (1 - 3) + (0 - 4)?
-3
What is the value of 9 - 16 - -10 - -3?
6
What is the value of -2 + 1 + (14 - 12)?
1
Calculate -4 + 1 - (-7 - 3 - -10).
-3
What is the value of 3 + 1 + (3 - 3) + -3?
1
What is the value of -2 + (6 - -5) + -10?
-1
Evaluate 0 - (7 - (-6 - -11)).
-2
(-11 - 5) + 7 + 4 + 8
3
(-4 - 0) + -2 + 3 + -4
-7
Evaluate (8 - 11) + -1 - -7.
3
Evaluate (15 - 14) + 7 + -14.
-6
Calculate -1 + -5 + 20 - 8.
6
Calculate 0 + (-3 - 4 - -4).
-3
What is -13 + 11 + 0 + (6 - 1)?
3
What is the value of -1 - 5 - (-17 + 13)?
-2
Calculate 16 + -7 + -5 - (1 + 1).
2
What is 4 + -1 + -3 + -11 + 15?
4
Calculate -5 + 2 + 5 + 1 + 0.
3
What is 6 + (1 - (0 + 3)) + -11?
-7
Evaluate -9 + 4 - (11 + -11).
-5
1 - (4 + -1) - -2
0
What is -4 + 1 + (0 - 2)?
-5
(4 - (3 - -3)) + (1 - 1)
-2
What is the value of 1 + 2 - (4 + -3)?
2
What is (21 - 22 - (4 - -2)) + 1?
-6
What is 3 + (4 - 2) + -5 + 5?
5
(5 - (-6 + 0 - -12)) + -6
-7
Calculate -5 - (-25 + (6 - -7)).
7
What is the value of 1 - 4 - (-3 + 3)?
-3
Calculate 2 + -1 + -9 + 8.
0
What is -5 + 7 - (0 + -3)?
5
What is the value of 3 + (1 - 1) - 5?
-2
What is 5 + 5 + 5 + -3 + -7?
5
What is 2 + 2 + -4 - 4?
-4
Calculate -2 + (-4 - -3) + -2.
-5
Calculate -15 + -1 + 8 - -12.
4
Calculate (2 + 5 - (33 + -27)) + 10.
11
Calculate -1 + 1 + -3 + 4 - -3.
4
What is the value of (-24 - -13) + 7 + 1?
-3
(-7 - 0) + -2 + 6 + -2
-5
What is the value of 1 - (-2 + 5 + -3) - 0?
1
What is the value of 10 + -1 - ((-8 - -4) + 8)?
5
Calculate (-5 + 0 - -3) + (1 - 0).
-1
Evaluate 3 - -2 - 14 - -13.
4
2 + (1 - (3 - 3))
3
Evaluate 9 - (-41 + 34 - (-13 + 1)).
4
What is (-2 - -4 - 9 - 0) + 2?
-5
What is the value of (-4 - (-1 + -5)) + 1?
3
Evaluate 6 - (-4 + 1 - -7).
2
22 - (13 + -2) - (0 + 1)
10
What is the value of 3 - (2 + -5 - (18 - 20))?
4
3 + -6 + 13 - (1 - -3)
6
What is -15 - (1 + -3 + -3 - 2)?
-8
What is the value of 25 + -18 - (0 + -4 - -4)?
7
What is -1 - 2 - (-16 - -18)?
-5
What is the value of -5 - (1 - (11 + -3))?
2
Calculate 7 + (2 - 0 - (8 - 3)).
4
What is the value of -2 + (-8 - (-1 + -8))?
-1
What is the value of (2 + 0 - (-10 - -10)) + 2?
4
What is the value of -1 - (2 + (1 - -3) - 4)?
-3
What is the value of -70 + 63 - (-5 - (0 + 1))?
-1
What is the value of 1 - 0 - (-22 - -17)?
6
Evaluate 6 + (1 - (-1 + 2 - -2)).
4
Evaluate -2 + (2 + 0 - 5) + 1.
-4
What is the value of 1 - 0 - (34 - 32)?
-1
Calculate -3 + 0 + 1 - (-33 - -32).
-1
Calculate (-5 - -4) + (3 + 1 - 7).
-4
-4 - (0 - -4) - (-3 + -1)
-4
What is 3 + 1 + -5 + (-2 - -3)?
0
What is (10 + -7 - 3) + -1 + 2?
1
Evaluate -1 + 1 - (-9 + 5).
4
Calculate 4 + (4 - (-2 + 3)) + -1.
6
3 + 6 + -1 + -6 + 3
5
Evaluate 6 + -10 + (-6 - -7).
-3
What is 0 + (-14 - (1 + -13))?
-2
Calculate (3 - (1 + 2)) + 1 - 0.
1
What is the value of -19 + 16 - (-5 - 0)?
2
What is the value of -6 - (-1 + -4) - -6?
5
Evaluate -7 - -6 - (3 - (0 - 0)).
-4
What is (5 - 3 - 3) + 2 + -3?
-2
What is (-1 + 2 - -2) + -8 - -2?
-3
What is the value of 44 + -39 - (1 + 0 + 1)?
3
What is the value of 1 + (0 - -3) + -1?
3
Evaluate 36 + -40 - (1 + -1).
-4
What is (-5 - -5) + 2 + (-4 - 0)?
-2
What is 3 + 4 + -3 + -7 + 11?
8
Calculate -1 - (-3 + (2 - 1)).
1
Evaluate -2 - (3 - 6) - 6.
-5
Calculate 5 + 3 - 4 - -3.
7
Calculate -3 - (-2 + 4 + -3) - -6.
4
Calculate -1 + 3 + 1 + -4 + 4.
3
Evaluate -1 - (1 - (-2 + 0)) - -2.
-2
Calculate 2 + -1 + 1 + -4.
-2
What is the value of -9 + 17 + 1 + -3 + -3?
3
What is the value of 5 + (4 + -8 - 3)?
-2
Calculate -4 + (-1 - -3) + (10 - 6).
2
What is 1 + 0 - (17 - 17)?
1
3 - 0 - -3 - 9
-3
-6 - (-3 + -3 + -7)
7
Evaluate -5 + (-6 - (-6 + 1)) + 6.
0
What is the value of -8 - ((-15 - -5) + -7)?
9
What is the value of 1 + -4 + -1 + -3 + 10?
3
What is the value of 15 + -24 + (2 - (-3 + 1))?
-5
What is (8 - 0) + -6 - (-2 - -2)?
2
Calculate -9 - (-3 - (9 + -5)).
-2
What is the value of 3 - (-1 - (-2 + 2))?
4
Calculate 0 - (0 - (2 + -6)).
-4
-5 + (-8 - -18 - -1)
6
What is 8 - ((-14 - -13) + 1 + 3)?
5
What is the value of (-6 - 0) + 316 + -320?
-10
10 + 6 + -12 + -1
3
What is the value of 0 - 0 - ((-12 - -11) + 6)?
-5
(-2 - -4) + 0 - (-2 + 4)
0
What is (0 - 0) + (7 + 5 - 16)?
-4
What is the value of -9 - (-7 - (3 - 4))?
-3
What is -6 + (14 - 6) - (2 + -1)?
1
-3 + 1 - -5 - (11 + -12)
4
What is the value of -1 + (0 - 0) + 4?
3
-3 + 3 - (-7 - -7)
0
Calculate -6 + -20 + 23 + (0 - 1).
-4
Calculate -1 + -8 + 8 - -3.
2
What is the value of (-2 - -3) + 1 + -3 + 6?
5
What is 23 + -23 - (4 - (1 + 9))?
6
What is (0 - 9) + 2 - -3?
-4
What is the value of -2 + 0 + 9 + 85 + -87?
5
What is 12 - (4 - -6 - 0)?
2
Calculate (1 - 5) + (5 - 1).
0
(-5 - -7) + (0 - 1)
1
What is the value of 10 - 0 - (-2 + 7 - -1)?
4
What is the value of 1 - (-3 + 2 + 7 + -1)?
-4
Evaluate 12 - (10 + -8) - 14.
-4
What is the value of 2 + -4 - ((23 - 7) + -9)?
-9
What is (5 - (3 - 0) - 10) + 6?
-2
(0 - -3) + (13 + -8 - 9)
-1
(4 - 4) + 1 + 2
3
What is 5 + -8 - 4 - 3?
-10
Calculate 7 + (0 - -7) + -10.
4
What is the value of (0 - -9) + (-9 - -2)?
2
0 + -5 + 2 + 3
0
Evaluate 6 - (5 - 6) - 16.
-9
What is 1 + -13 + 0 + 4 - -5?
-3
What is 2 + (2 - -1 - 4)?
1
Evaluate 2 + (-5 - 3) - -5.
-1
Evaluate -5 + (-4 - (-6 + -9 + 3)).
3
What is (5 - 15 - -17) + -7?
0
4 + -11 + 5 + -2 + 3
-1
Evaluate (-5 - -1) + (0 - -4) + -4.
-4
What is the value of -12 + (-16 - -8) + 14?
-6
What is -5 + 6 + 4 + -11?
-6
3 + 0 - (2 - (2 - 2))
1
What is the value of 1 + -4 + (5 - 5) - -2?
-1
Calculate 3 - 10 - -3 - (37 + -45).
4
Evaluate (1 - 1) + (19 - (-2 - -27)).
-6
7 - 15 - -3 - (-13 - 2)
10
(-1 + -5 - -2) + (3 - 1)
-2
-4 - (-19 + 12 + 13)
-10
What is the value of 1 + 8 + -15 + 2 + 6?
2
Calculate (-1 - -1 - 5) + -1 + 2.
-4
What is 2 - (-1 - 0) - (32 + -32)?
3
What is 4 + (-19 + 4 - (-8 + 2))?
-5
What is the value of -7 + -6 + 13 + -9 - -8?
-1
Calculate (-1 - (7 + -4)) + 0.
-4
What is 4 + 6 + -8 - -3?
5
-3 + 5 + -1 + -2 + -5
-6
Evaluate -7 + 35 - 13 - 11.
4
Evaluate (-7 - -12) + -6 + -5 + 1.
-5
(-7 - 1) + 19 - (6 + -1)
6
Evaluate -16 - 4 - -6 - (0 + -5).
-9
What is 1 - 4 - (-3 - (-5 - -3))?
-2
Evaluate -3 - (2 - 14) - 5 - 5.
-1
-2 + 2 + 3 + -3
0
-2 - ((0 - -1) + -10)
7
Calculate -6 - (-7 + -4 + 6).
-1
-3 + (-1 - -2) + (0 - 2)
-4
7 - (-4 + 5) - 8
-2
What is -3 + -3 + -1 + 5?
-2
What is the value of (3 - (1 + 2 + 0)) + -1?
-1
What is the value of 2 - 10 - (-7 + 0)?
-1
What is the value of -12 + 24 - 15 - 6?
-9
(-9 - -5) + -6 + 12
2
0 - 5 - (-5 + -4 + 5)
-1
Evaluate (1 - (1 + -2)) + -1.
1
What is the value of (-7 - -9) + 0 - 1?
1
What is the value of (-9 - -6) + -1 + -1?
-5
Evaluate -1 + 1 + 0 + -1 + 3.
2
Evaluate -11 - (0 + -1 + -8).
-2
What is -6 - (-2 + 1) - (0 - 2)?
-3
What is the value of 37 + -36 - ((0 - 5) + 0)?
6
What is -5 - (6 + -11 + (2 - 7))?
5
What is -6 - (20 + -22) - (-1 - -1)?
-4
Evaluate 3 - (9 + -6) - 4.
-4
Calculate -3 + -1 - (6 + (2 - 11)).
-1
What is the value of 1 + 1 + (-4 - -8)?
6
What is the value of (3 - 1 - 3 - -4) + -4?
-1
What is -1 + -1 + 8 + 1 + -1?
6
Evaluate -3 - ((1 - 1) + -2 + -1).
0
Evaluate 7 + -8 + 8 + -7.
0
2 + -3 - (3 - 3)
-1
What is the value of 5 + -1 + (-5 - -2)?
1
What is (-5 - (7 + -7)) + 3 - -5?
3
What is the value of (-1 - -1 - -3) + 55 + -61?
-3
Evaluate 0 + (-2 + 9 - 3).
4
Evaluate 3 + (1 - (-2 - -1)) - 1.
4
What is -11 - (-9 + -4 + 8)?
-6
What is the value of 1 - 1 - (-14 - (-7 - 5))?
2
What is 7 - 4 - (-1 + 3 + 3)?
-2
Evaluate 1 + -4 + (-3 - -4).
-2
0 + 0 + 6 + -1
5
Evaluate -1 + -6 - 3 - -10.
0
Evaluate 0 - 3 - (2 - 3).
-2
What is -3 - (1 + 3 + -1 + 4)?
-10
What is the value of -6 + (3 - (-6 +